nd 33?
3
Let f be (-52)/(-20) - (-4)/10. Let x = 0 - f. Let p be (-103)/x + (-3)/9. What is the greatest common factor of p and 51?
17
Let l = 31 - 43. Let n be 4/1 + -1 - l. What is the greatest common divisor of 120 and n?
15
Suppose 0 = 5*t - 0*t - 140. Calculate the greatest common divisor of 7 and t.
7
Suppose -t = -0*t + 2*v - 66, -5*t - 2*v + 346 = 0. Let w be 2 + (0/(-3) - -6). Let m be (t/w)/(2/16). Calculate the highest common divisor of 10 and m.
10
Suppose 80 = -w + 5*w. Suppose -2*x + 3*b + b = -w, -3*x - 6 = 3*b. Let f = 1 + 7. Calculate the greatest common factor of f and x.
2
Let v be (-1 - -9)/(-2) + (-11 - -24). What is the highest common factor of 99 and v?
9
Let q(g) = -g**3 + 2*g**2 + 3*g + 2. Let w be q(3). Suppose -27 = -w*i + i. Calculate the greatest common factor of 3 and i.
3
Suppose -c = -2*c + 4. Suppose 0*p = -c*r + p + 16, -5*p - 32 = -4*r. Suppose -98 = -r*f + 1. Calculate the greatest common divisor of 22 and f.
11
Suppose -4*v + 15 = s - 9*v, -5*s + 5*v + 135 = 0. Calculate the highest common divisor of s and 40.
10
Let h be -27*(-2)/(3 - 1). Let d be ((-936)/13)/((4/3)/(-2)). What is the greatest common factor of d and h?
27
Let c(l) = l**3 - 3*l**2 + 2*l + 2. Let a be c(2). Suppose 4*m - 49 = 39. Suppose m = 3*k - 20. What is the greatest common factor of k and a?
2
Suppose g - 41 = 7. What is the greatest common divisor of g and 72?
24
Suppose 0 = -4*z + 16 + 4. Suppose 2*q + f - 126 = -4*f, 4*q - 252 = -3*f. Suppose q = z*d - 2. Calculate the greatest common factor of 26 and d.
13
Let f(u) = -u**3 - 7*u**2 - 3*u + 12. Let y be f(-7). Calculate the highest common factor of y and 231.
33
Let i = -219 + 380. Calculate the greatest common factor of i and 23.
23
Let i be 228/(-14) - (-8)/28. Let u be (-12)/((-20)/i - 2). Let y be (-4)/(-18) - (-140)/18. Calculate the greatest common factor of u and y.
8
Let a(r) = -r**3 - 3*r**2 - 2*r - 3. Let p be a(-3). Suppose 0 = 4*v + m - 182, -2*v - p*m - 174 = -6*v. Calculate the greatest common divisor of 9 and v.
9
Let o(c) = c**2 + 6*c + 7. Let n be o(-7). Let f be ((-8)/(-6))/((-10)/(-105)). Let x = f + 0. What is the greatest common factor of x and n?
14
Let a(n) = n**3 - 12*n**2 + n + 10. Let y be a(12). Calculate the greatest common divisor of y and 242.
22
Suppose 2*c + 2 - 6 = 0. What is the highest common divisor of c and 2?
2
Suppose 0 = -3*s + 4*s - 10. Let c(w) = 5*w + 30. Let p be c(10). Calculate the greatest common factor of s and p.
10
Let p(d) = d - 3. Let t be p(15). What is the greatest common factor of 30 and t?
6
Suppose -385 = -4*j - 3*j. What is the highest common divisor of j and 5?
5
Let k(t) = -10*t - 1. Let g be k(-2). Let y = 63 + -6. What is the highest common factor of y and g?
19
Suppose -2*k + 48 = -k. Calculate the highest common divisor of k and 16.
16
Suppose -4*t - 29 + 49 = 0. Suppose -2*z + 216 = 2*z. Suppose 4*o + z = 194. What is the highest common factor of o and t?
5
Suppose 0 = -2*v - 2*g + 28, 7*v - 5*g = 4*v + 42. Let l(o) = 2*o**2 + o - 1. Let n be l(4). What is the greatest common factor of n and v?
7
Let k be 56/20 - (-2)/10. Suppose 0 = -2*r, -2*r = -k*v + 2*r. Let y be 0 - (v + -86 - 2). What is the highest common divisor of y and 11?
11
Let w(o) = -23*o + 4. Let p be w(-7). Suppose -7*d + 6*d + p = 0. What is the greatest common divisor of 15 and d?
15
Suppose -9*u - 52 = -11*u. Calculate the highest common divisor of 234 and u.
26
Suppose 0 = 5*h - 47 - 88. Let c be -18*(-5)/(-4 - -14). What is the highest common factor of c and h?
9
Let v be (-4)/(-14) - 6/(-63)*711. Calculate the greatest common factor of 17 and v.
17
Suppose 5*j + 0*j + 3*y = 21, -y = 4*j - 14. Let s = 5 - j. Suppose s*c + 0*c - 24 = 0. What is the highest common factor of 18 and c?
6
Let r = 5 - -14. Suppose -4*x = -16 - 0, -2*f - 3*x + 88 = 0. What is the highest common divisor of r and f?
19
Let n = -170 - -250. Calculate the highest common factor of n and 10.
10
Let h(b) = -16*b - 1. Let q be h(-1). Let t = 35 - q. What is the highest common divisor of 60 and t?
20
Let c be 2/(-13) + (-1116)/(-156). Calculate the highest common factor of c and 49.
7
Let g(v) = v**2 + 2*v + 1. Let f be g(-1). Suppose 2*t = -f*t. Let w be (t + 2)*34/4. What is the highest common factor of 68 and w?
17
Suppose -5*k = -4*r - 204, 0 = -4*k + r + 2*r + 163. What is the highest common factor of 280 and k?
40
Let s be 153/(-45) + 3/(-5). Let w = s - -84. Calculate the greatest common divisor of 16 and w.
16
Let g = -44 + 85. What is the greatest common factor of g and 41?
41
Suppose -2*o = -o + 3. Let x be 27 + ((-9)/o - 6). Suppose -5*i + 171 = -3*u, -2*u - u + 117 = 3*i. What is the greatest common factor of x and i?
12
Suppose -4*l - o + 133 = 0, -147 = -5*l - 4*o + 22. Calculate the highest common divisor of l and 22.
11
Let s be 257 + -3 + 1 + 0. Let p = s - 151. What is the highest common factor of p and 13?
13
Let b be (64/6)/(4/18). Let r(n) = 29*n**2 + 3*n - 2. Let l be r(2). What is the highest common divisor of b and l?
24
Let n(a) = a**2 + 11*a + 16. Let b be n(-11). Calculate the greatest common divisor of 4 and b.
4
Suppose -16 = 3*s + 17. Let u = s + 15. Let h be 12/20 + u/10. What is the greatest common divisor of 5 and h?
1
Let a = 36 + -19. Let d be (-2)/5 + (-2301)/(-15). Suppose -d = -2*u - u. Calculate the greatest common factor of u and a.
17
Let f be (-3)/(-6) + (-6)/(-4). Let u = 13 + 1. Calculate the highest common divisor of f and u.
2
Let y(k) = 5*k**2 + 39*k - 1. Let b(c) = -2*c**2 - 13*c. Let p(r) = -8*b(r) - 3*y(r). Let x be p(13). What is the highest common divisor of 9 and x?
3
Suppose 5*n = g + 240, 2*n + 4*g - 55 = 19. Calculate the highest common divisor of n and 47.
47
Let g = 25 + 74. Calculate the greatest common factor of g and 11.
11
Suppose -4*o + b + 241 = 0, 0 = 4*o - 0*b + b - 239. Suppose 3*m - o = -m. Calculate the greatest common factor of 6 and m.
3
Suppose -2*l + 7 - 1 = 0. Suppose 5*k + 10 = 0, -z - l*k = -8*k - 26. Suppose 4*h - 2*h = z. Calculate the greatest common divisor of h and 56.
8
Let o be 3 + 4/(-3)*6. Let l = o - -6. Calculate the highest common divisor of 10 and l.
1
Let n be 1/5 + (-45)/(-25). Suppose 0 = 2*i - 3*i. Suppose -2*b + 4*b = 2*c - 4, i = -n*c - b + 10. What is the greatest common divisor of c and 44?
4
Suppose 2*n - n + 3*h = 58, 2*n + 2*h - 108 = 0. Suppose k - 9 = 4. Calculate the greatest common divisor of k and n.
13
Suppose 4*m - 15 = 17. What is the greatest common factor of 24 and m?
8
Let h = -15 - -18. Suppose -2*g + 82 = 2*o, h*g - 156 = 5*o - 41. What is the greatest common divisor of g and 16?
8
Let v(x) = -x + 29. Let l be v(12). Calculate the greatest common factor of l and 85.
17
Suppose -255 = -5*q - 3*w + 8*w, 5*q - 225 = -5*w. Calculate the highest common divisor of q and 240.
48
Let y = -47 - -103. Let u be 3/1*y/12. Calculate the highest common divisor of u and 112.
14
Suppose 0 = 4*s + 3*t - 12, 0 = 2*t - t. Let b(f) = -f**2 - 3*f + 5. Let c be b(-4). Let i be 14 + -3 + c - 0. What is the highest common divisor of s and i?
3
Let o = -6 - -8. Let r be o/(-4) + 115/2. Let s be (6/4)/3*76. Calculate the greatest common factor of s and r.
19
Let u = 9 + -4. Let v = -17 - -13. Let s(p) = p**3 + 4*p**2 - 4*p - 6. Let n be s(v). What is the highest common divisor of n and u?
5
Suppose 4*s - 2*f = 0, 3*s - 4*f - 14 = f. Let u(x) = -x + 2. Let n be u(9). Let o be s/n + (-939)/(-21). What is the greatest common factor of 9 and o?
9
Let y(t) = t**2 - 19*t + 11. Let q be y(19). Calculate the highest common factor of q and 33.
11
Let i = 196 + -126. Suppose 0 = -5*r + s + i, -1 = 2*r - 4*s - 11. Calculate the greatest common divisor of r and 15.
15
Let o be (-7)/(-42) + 958/12. What is the highest common factor of 20 and o?
20
Let s(a) = a**3 + 10*a**2 - 12*a + 8. Let x be s(-11). Suppose 4*z = -0*z + 5*y + 811, 0 = -z - 3*y + 224. Calculate the greatest common divisor of z and x.
19
Let b be (26/8 + 7/(-28))*35. What is the highest common factor of b and 70?
35
Let g(j) = j**3 + 3*j**2 - 2*j. Let i(t) = -t**2 + t - 1. Let l(c) = g(c) - 3*i(c). Let y be l(-6). What is the highest common divisor of y and 3?
3
Let q be (135/10)/(3/8). Let o(i) = -i + 8. Let g be o(5). Suppose -370 = -